
False
Is 563198189 composite?
True
Is 12446099591 composite?
True
Is 230917559 a composite number?
False
Is 98196375889 a prime number?
True
Is 43636581259 a prime number?
False
Is 21839190001 composite?
True
Is 1826269743 a composite number?
True
Is 31166239 a prime number?
False
Is 2545934557 a prime number?
True
Is 147787126363 composite?
False
Is 21845072647 prime?
True
Is 3000277537 prime?
False
Is 21672607841 composite?
True
Is 841535371 prime?
False
Is 641495123 a composite number?
True
Is 2507221913 a prime number?
False
Is 498509959 a prime number?
False
Is 88811759 a prime number?
True
Is 2075493715 a prime number?
False
Is 7745813773 a composite number?
False
Is 1868221507 prime?
True
Is 283880213 a composite number?
True
Is 1430032831 a prime number?
True
Is 2268558661 composite?
False
Is 9309593 prime?
True
Is 2274545359 a prime number?
True
Is 24186588887 prime?
False
Is 4080795935 a prime number?
False
Is 990841109 composite?
True
Is 1667685631 a prime number?
False
Is 399422513 composite?
True
Is 37518647831 prime?
False
Is 810314339 prime?
True
Is 61046483969 a prime number?
True
Is 46768905685 composite?
True
Is 15354594029 a composite number?
True
Is 5078645987 a prime number?
True
Is 800425279 composite?
True
Is 44147729903 prime?
False
Is 1184580923 prime?
False
Is 23916708521 prime?
True
Is 12418577167 a composite number?
True
Is 1096521583 a prime number?
False
Is 1078580099 a prime number?
False
Is 806368697 composite?
False
Is 319359083 prime?
False
Is 148984205579 prime?
False
Is 3240935647 a composite number?
False
Is 201537067 prime?
False
Is 738336727 a prime number?
False
Is 35903339243 a prime number?
True
Is 164593724137 a composite number?
False
Is 7703163313 prime?
False
Is 1829114509 a composite number?
True
Is 3637293527 prime?
False
Is 669427279 prime?
True
Is 2174512843 a composite number?
False
Is 39889470743 a composite number?
True
Is 12541352453 prime?
False
Is 2198135021 a prime number?
True
Is 1005780691 a composite number?
True
Is 13346182693 composite?
True
Is 433374109 a prime number?
False
Is 805495441 composite?
True
Is 8289986699 prime?
True
Is 2968940941 composite?
True
Is 1262001317 a prime number?
True
Is 1091412591 prime?
False
Is 478018483 prime?
True
Is 106940087861 a composite number?
False
Is 217489087 a composite number?
True
Is 996819469 prime?
True
Is 120169421 a composite number?
False
Is 3521284189 a prime number?
True
Is 8047029593 prime?
True
Is 2895320119 composite?
False
Is 233469101 a composite number?
False
Is 8033831279 a prime number?
True
Is 381060167 composite?
True
Is 92909088717 a composite number?
True
Is 3504419777 a prime number?
False
Is 24856518587 prime?
True
Is 159210688191 composite?
True
Is 1031244881 composite?
False
Is 2102832871 a prime number?
False
Is 13490785927 a prime number?
False
Is 10596248161 a composite number?
True
Is 17099888191 prime?
False
Is 77503291 a composite number?
True
Is 647102249 a composite number?
False
Is 19346215949 a composite number?
False
Is 5192261351 a composite number?
False
Is 35036819 prime?
False
Is 2312117939 a prime number?
False
Is 456478265 prime?
False
Is 13521029421 a prime number?
False
Is 1661926093 prime?
True
Is 809629753 prime?
True
Is 2222958037 prime?
True
Is 21581535067 composite?
False
Is 63315209 prime?
False
Is 14365039397 prime?
True
Is 73899670843 a prime number?
True
Is 14752172711 a composite number?
True
Is 1602865787 a composite number?
False
Is 10510825471 composite?
True
Is 3451036807 prime?
True
Is 320517739 composite?
False
Is 8007197057 a composite number?
False
Is 65864840147 composite?
False
Is 21847640077 prime?
False
Is 35504572183 a prime number?
True
Is 2508958843 a composite number?
True
Is 30260359 composite?
False
Is 16305615619 a prime number?
True
Is 2064902533 prime?
False
Is 70609824743 composite?
True
Is 52128545689 a prime number?
False
Is 1292187053 composite?
False
Is 31522171 a prime number?
False
Is 919663013 a composite number?
False
Is 4795748987 a prime number?
True
Is 1259010559 a composite number?
True
Is 9500292037 composite?
False
Is 2284108067 a composite number?
False
Is 3632288839 composite?
False
Is 9141776623 composite?
True
Is 1012791191 a prime number?
False
Is 2770807811 prime?
False
Is 523491107 a prime number?
True
Is 361161103 a prime number?
False
Is 871295003 composite?
False
Is 37329413129 prime?
True
Is 14135581169 prime?
True
Is 535227437 a prime number?
False
Is 8888121037 composite?
True
Is 29012387827 a composite number?
True
Is 23209496147 composite?
True
Is 65080170607 a composite number?
True
Is 358719037 a prime number?
True
Is 10790243357 prime?
True
Is 8585730917 composite?
True
Is 3849348067 a prime number?
False
Is 714623893 a prime number?
True
Is 8666239427 prime?
True
Is 13965880331 a composite number?
True
Is 3617161409 composite?
True
Is 308780653 a composite number?
False
Is 867796819 composite?
False
Is 89514717091 a prime number?
False
Is 2351331371 a composite number?
False
Is 354582223 a composite number?
True
Is 87870349387 prime?
True
Is 4110853118 a prime number?
False
Is 55631926733 prime?
True
Is 10990172737 a prime number?
True
Is 17421799817 composite?
True
Is 3245813411 a composite number?
True
Is 17315962273 a composite number?
False
Is 10955518787 a composite number?
True
Is 725542771 prime?
True
Is 1976216777 prime?
False
Is 243024759607 composite?
True
Is 7300300481 a prime number?
True
Is 5112825082 a prime number?
False
Is 1071814669 a composite number?
False
Is 1870799807 a composite number?
False
Is 85402253 composite?
True
Is 35845861969 composite?
True
Is 1031511983 a prime number?
True
Is 12691393807 composite?
True
Is 262770637 prime?
True
Is 8055101749 a prime number?
True
Is 2091902521 composite?
False
Is 21763242707 a composite number?
False
Is 21867922211 a prime number?
True
Is 87663831289 a composite number?
True
Is 45828540269 a prime number?
True
Is 885415723 prime?
False
Is 534944863 composite?
False
Is 456288169 a prime number?
False
Is 62222581 a composite number?
True
Is 5324213239 a composite number?
False
Is 8010787051 composite?
False
Is 2040989987 composite?
False
Is 304555661 a prime number?
True
Is 38503974433 composite?
True
Is 55628743883 a composite number?
True
Is 8610787 a composite number?
True
Is 574134901 a composite number?
True
Is 83669174807 composite?
True
Is 31838321107 a prime number?
True
Is 11399824741 composite?
True
Is 23979416831 composite?
True
Is 316575319 prime?
False
Is 208259591 composite?
True
Is 93902297485 composite?
True
Is 19923683873 a composite number?
False
Is 806709509 composite?
False
Is 2155611769 prime?
False
Is 7401035843 prime?
False
Is 356355143 prime?
False
Is 2547856507 prime?
False
Is 313005995 a prime number?
False
Is 1152004169 a composite number?
True
Is 7036998307 composite?
False
Is 203595813853 prime?
False
Is 2109658319 prime?
False
Is 2150012503 composite?
False
Is 535600259 a prime number?
True
Is 5654134139 prime?
True
Is 145179260935 a composite number?
True
Is 9584843167 a composite number?
True
Is 47570855837 a composite number?
True
Is 8662221173 a composite number?
True
Is 1832221933 prime?
True
Is 89611232657 a composite number?
False
Is 85500466171 composite?
False
Is 127139429 composite?
False
Is 119887089947 a prime number?
False
Is 22732422269 a composite number?
True
Is 13722963187 composite?
False
Is 55131743711 a prime number?
False
Is 88469489 composite?
False
Is 1227527881 prime?
False
Is 127684326079 composite?
True
Is 486633197 a prime number?
False
Is 12253123589 composite?
True
Is 1439524309 a prime number?
False
Is 20943910891 composite?
True
Is 1473703169 prime?
True
Is 235163311 a prime number?
True
Is 84577815533 composite?
False
Is 3429072847 a composite number?
False
Is 24955828507 a prime number?
True
Is 3504256991 prime?
True
Is 27561084169 a prime number?
True
Is 177175897 a prime number?
True
Is 8109851969 a prime number?
True
Is 35710027 prime?
True
Is 625678517 prime?
False
Is 118377056983 a composite number?
False
Is 756451873 composite?
True
Is 3657680099 a composite number?
False
Is 17206501309 composite?
True
Is 220615414 prime?
False
Is 46543213 a prime number?
False
Is 2393134927 composite?
False
Is 469